{"id":18,"date":"2010-11-24T09:51:54","date_gmt":"2010-11-24T09:51:54","guid":{"rendered":"http:\/\/bridgeclubsylt.de\/?page_id=18"},"modified":"2026-04-21T10:20:18","modified_gmt":"2026-04-21T08:20:18","slug":"clubturniere","status":"publish","type":"page","link":"http:\/\/www.bridgeclubsylt.de\/?page_id=18","title":{"rendered":"Clubturniere\/Anmeldung"},"content":{"rendered":"<p><strong>Donnerstag, 23. April 2026 f\u00e4llt Bridge aus! Der Raum ist besetzt.<\/strong><\/p>\n<p><strong>Spieltage Sonntag und Donnerstag, jeweils 18 Uhr Turnierbeginn! <\/strong><\/p>\n<p><strong>Anmeldungen sp\u00e4testens am Tag vorher bis 14.00 Uhr unter 0170 834 88 78 . F\u00fcr Spieler, die ohne Partner\/in kommen wollen, suchen wir auch gerne eine\/n Partner\/in.<\/strong><\/p>\n<p><strong>Wenn nicht Anmeldungen f\u00fcr mindestens 3 Tische vorliegen, wird kein Bridge gespielt.<\/strong><\/p>\n<p>&nbsp;<\/p>\n<p>Ergebnis vom 26.02.2026\u00a0 \u00a0 \u00a0 \u00a0 \u00a0 \u00a0 \u00a0%\u00a0\u00a0\u00a0\u00a0\u00a0\u00a0\u00a0\u00a0\u00a0\u00a0 MP\u00a0\u00a0\u00a0\u00a0\u00a0\u00a0\u00a0\u00a0 CP<\/p>\n<p>Rang\u00a0\u00a0\u00a0\u00a0\u00a0\u00a0\u00a0\u00a0\u00a0\u00a0 Paar<\/p>\n<p>1 Fr. Clausen &#8211; Hr. Mangelsen\u00a0 \u00a0 \u00a066,70\u00a0\u00a0\u00a0 66,7\u00a0\u00a0\u00a0\u00a0\u00a0\u00a0 24<\/p>\n<p>2 Fr. Priemer &#8211; Fr. Wolff\u00a0\u00a0\u00a0\u00a0\u00a0\u00a0\u00a0\u00a0\u00a0\u00a0\u00a0\u00a0\u00a0\u00a0 52,00\u00a0\u00a0\u00a0 52,0\u00a0\u00a0\u00a0\u00a0\u00a0\u00a0 25<\/p>\n<p>3 Fr. Baltzer &#8211; Fr. Jacobi\u00a0\u00a0\u00a0\u00a0\u00a0\u00a0\u00a0\u00a0\u00a0\u00a0\u00a0\u00a0\u00a0\u00a0 50,00\u00a0\u00a0\u00a0 50,0\u00a0\u00a0\u00a0\u00a0\u00a0\u00a0 24<\/p>\n<p>4 Fr. Ihlenfeld &#8211; Hr. Ihlenfeld\u00a0\u00a0\u00a0\u00a0 48,00\u00a0\u00a0\u00a0 48,0\u00a0\u00a0\u00a0\u00a0\u00a0\u00a0 25<\/p>\n<p>5 Fr. Heinrichs &#8211; Fr. Lindemann47,00\u00a0\u00a0 47,0\u00a0\u00a0\u00a0\u00a0\u00a0\u00a0 25<\/p>\n<p>6 Fr. Welsch &#8211; Fr, Westmore\u00a0 \u00a0 \u00a0 \u00a037,00\u00a0\u00a0\u00a0 37,0\u00a0\u00a0\u00a0\u00a0\u00a0\u00a0 25<\/p>\n<p>&nbsp;<\/p>\n<p>&nbsp;<\/p>\n<p><strong><strong>Spieltermine:<\/strong><\/strong><\/p>\n<p>Spieltage Sonntag und Donnerstag. Bitte am Tag vorher bis 14.00 Uhr anmelden!<br \/>\nSpielbeginn: Sp\u00e4testens 18.00 Uhr, Eintreffen bitte 15 Minuten vorher<br \/>\nWenn nicht Anmeldungen f\u00fcr mindestens 3 Tische vorliegen, wird kein Bridge gespielt.<\/p>\n<p><strong>\u00a0<\/strong><\/p>\n<p><strong>Spielort: Ev. Gemeindezentrum in Westerland, Kirchenweg 37.<\/strong><\/p>\n<p><strong>Anmeldungen sp\u00e4testens am Tag vorher bis 18.00 Uhr unter 0170 834 88 78 . F\u00fcr Spieler, die ohne Partner\/in kommen wollen, suchen wir auch gerne eine\/n Partner\/in.<\/strong><\/p>\n<p>Ergebnis vom 18.02.2026:<\/p>\n<p>Paarturnier (2) &#8211; 19.02.2026<\/p>\n<p>Ergebnis (50 % 72,0 IST)<\/p>\n<p>Rang Nr.\u00a0 \u00a0 \u00a0 \u00a0 \u00a0 \u00a0 \u00a0 \u00a0 \u00a0 \u00a0 \u00a0 \u00a0 \u00a0 \u00a0 \u00a0 \u00a0 \u00a0 \u00a0 \u00a0 \u00a0 \u00a0 \u00a0 \u00a0 \u00a0 \u00a0 MP\u00a0 \u00a0 \u00a0%\u00a0 \u00a0 \u00a0 \u00a0 \u00a0 \u00a0CP<\/p>\n<ol>\n<li>6 Fr. Ladehoff \u2014 Balzer\u00a0 \u00a0 \u00a0 \u00a0 \u00a0 \u00a0 \u00a0 \u00a088,0\u00a0 \u00a0 \u00a0 61,11\u00a0 \u00a0 \u00a0 \u00a0 13<\/li>\n<li>2 Fr. Allgeier \u2014 Hr. Allgeier\u00a0 \u00a0 \u00a0 \u00a087,0\u00a0 \u00a0 \u00a0 60,42\u00a0 \u00a0 \u00a0 \u00a010<\/li>\n<li>5\u00a0 Fr. Hautz \u2014 Hr. Dr. Hautz\u00a0 \u00a0 \u00a075,0\u00a0 \u00a0 \u00a0 \u00a052,08\u00a0 \u00a0 \u00a0 \u00a0 \u00a07<\/li>\n<\/ol>\n<ol start=\"4\">\n<li>7 Fr. Heinrichs \u2014 Fr. Lindemann72,0\u00a0 \u00a0 50,00\u00a0 \u00a0 \u00a0 5<\/li>\n<li>4 Fr. Pahlenberg &#8211; Fr. Wolff\u00a0 \u00a0 \u00a0 \u00a069,0\u00a0 \u00a0 \u00a0 47,92<\/li>\n<li>\u00a08 Fr. Jacobi &#8211; Fr. Z\u00e4pke\u00a0 \u00a0 \u00a0 \u00a0 \u00a0 \u00a0 \u00a0 67,0\u00a0 \u00a0 \u00a0 46,53<\/li>\n<li>\u00a03 Fr. Zschage \u2014 Cappel\u00a0 \u00a0 \u00a0 \u00a0 \u00a0 \u00a0 \u00a0 65,0\u00a0 \u00a0 \u00a0 45,14<\/li>\n<\/ol>\n<ol start=\"8\">\n<li>1 Welsch \u2014 Fr. Westermann\u00a0 \u00a0 \u00a0 63,0\u00a0 \u00a0 \u00a0 43,75<\/li>\n<li>10 Fr. Clausen \u2014 Hr. Mangelsen 62,0\u00a0 \u00a0 43,06<\/li>\n<\/ol>\n","protected":false},"excerpt":{"rendered":"<p>Donnerstag, 23. April 2026 f\u00e4llt Bridge aus! Der Raum ist besetzt. Spieltage Sonntag und Donnerstag, jeweils 18 Uhr Turnierbeginn! Anmeldungen sp\u00e4testens am Tag vorher bis 14.00 Uhr unter 0170 834 88 78 . F\u00fcr Spieler, die ohne Partner\/in kommen wollen, &hellip; <a href=\"http:\/\/www.bridgeclubsylt.de\/?page_id=18\">Weiterlesen <span class=\"meta-nav\">&rarr;<\/span><\/a><\/p>\n","protected":false},"author":1,"featured_media":0,"parent":0,"menu_order":4,"comment_status":"closed","ping_status":"closed","template":"","meta":{"footnotes":""},"class_list":["post-18","page","type-page","status-publish","hentry"],"_links":{"self":[{"href":"http:\/\/www.bridgeclubsylt.de\/index.php?rest_route=\/wp\/v2\/pages\/18","targetHints":{"allow":["GET"]}}],"collection":[{"href":"http:\/\/www.bridgeclubsylt.de\/index.php?rest_route=\/wp\/v2\/pages"}],"about":[{"href":"http:\/\/www.bridgeclubsylt.de\/index.php?rest_route=\/wp\/v2\/types\/page"}],"author":[{"embeddable":true,"href":"http:\/\/www.bridgeclubsylt.de\/index.php?rest_route=\/wp\/v2\/users\/1"}],"replies":[{"embeddable":true,"href":"http:\/\/www.bridgeclubsylt.de\/index.php?rest_route=%2Fwp%2Fv2%2Fcomments&post=18"}],"version-history":[{"count":139,"href":"http:\/\/www.bridgeclubsylt.de\/index.php?rest_route=\/wp\/v2\/pages\/18\/revisions"}],"predecessor-version":[{"id":7225,"href":"http:\/\/www.bridgeclubsylt.de\/index.php?rest_route=\/wp\/v2\/pages\/18\/revisions\/7225"}],"wp:attachment":[{"href":"http:\/\/www.bridgeclubsylt.de\/index.php?rest_route=%2Fwp%2Fv2%2Fmedia&parent=18"}],"curies":[{"name":"wp","href":"https:\/\/api.w.org\/{rel}","templated":true}]}}